emainder when h is divided by 19.
15
Let j(i) = 103*i - 365. Calculate the remainder when j(5) is divided by 54.
42
Suppose -v + 37*r = 40*r - 31, -139 = -5*v + r. Calculate the remainder when 120 is divided by v.
8
Let i(y) = 52*y - 6. Let c(j) = 17*j - 2. Let k(t) = -7*c(t) + 2*i(t). What is the remainder when k(-5) is divided by 39?
38
Let s(f) be the first derivative of -f**4/2 - 4*f**3/3 + 5*f**2/2 - 6*f + 30. Calculate the remainder when s(-4) is divided by 13.
12
Suppose 149 = 5*y + 3*b, y - 23 = 2*b - 1. Let p be ((-3)/2)/((-3)/4). Suppose -p*q + 7*q = 405. Calculate the remainder when q is divided by y.
25
Suppose -4*d = -3*n - 57 + 501, 2*d = -2*n + 296. What is the remainder when n is divided by 40?
28
Let w = -2883 - -3604. What is the remainder when w is divided by 29?
25
Let g = -9 + 15. Suppose -g*s + 2*s = 3*a + 2, -4*s - 20 = 0. What is the remainder when (112/(-21))/((-1)/a) is divided by 7?
4
Let w = 2297 - 2292. What is the remainder when 14/(3*4/18) is divided by w?
1
Suppose -24 = -8*a + 5*a. Let z(s) = -s**3 + 9*s**2 - 9*s + 14. What is the remainder when z(a) is divided by 3?
0
Suppose -4*b + 122 = -5*h, -h + 6*h = 2*b - 56. Suppose 4*j = j + 3*k + 54, 5*k + 22 = j. Calculate the remainder when b is divided by j.
16
Let c = 40 + -29. Let f = c - -1. Calculate the remainder when f is divided by (-165)/(-24) - ((-15)/24)/5.
5
Let m(x) = -x**2 + 10*x. Let l be m(10). Suppose l = -2*v + 4*s + 40, -28 = -3*v + 5*s - 7*s. What is the remainder when 57 is divided by v?
9
Let v(x) = -4*x**3 + 3*x + 9. Let s(i) = 2*i**2 - 3*i. Calculate the remainder when v(-2) is divided by s(4).
15
Let x = -1708 - -1769. Calculate the remainder when x is divided by 16.
13
Let z be (3 - 1)*1/(-2). Suppose -4*l + 72 = o, 9*o - 9 = l + 16*o. Calculate the remainder when l is divided by (-2)/z + (-16)/(-2).
9
Suppose -z - 145 = -6*z. Let v = z - 13. What is the remainder when 2 is divided by (-1)/(-4) + 12/v?
0
Let h = 32 - 32. Suppose h = 3*q - 8*q + 55. Calculate the remainder when 21 is divided by q.
10
Suppose -3*r = 4*s - 107 - 56, -2*s = 2*r - 84. Suppose -139 = 3*y - 574. What is the remainder when y is divided by s?
34
Let m(s) = -2*s - 8. Let l be m(0). Let p = l - -22. Let t(w) = -w**3 + 8*w**2 - 5*w - 3. What is the remainder when t(6) is divided by p?
11
Let l(j) = 3*j**2 + 14*j + 46. Calculate the remainder when l(-6) is divided by 19.
13
Suppose -62 = -5*s - 7. Let u = s - 20. Let c(r) = r**3 + 9*r**2 - 4*r + 1. Calculate the remainder when c(u) is divided by 8.
5
Let l be (4/14)/(3/21). Suppose -2*z + 6 = 4*a, l*a - a = -z - 1. Suppose 4*t = t + 66. Calculate the remainder when t is divided by a.
2
Let t(f) = -2*f**3 + f**2 + 4*f. Let d be t(2). Let n(s) = 3*s**2 - 2. Calculate the remainder when n(d) is divided by (-110)/(-7) - (-6)/21.
14
Suppose -5*i + 0*i - 2*h = -1, 5*i - 11 = 3*h. Suppose -2*n - w + 59 = 0, 0 = 5*w - i - 4. Let l = 42 - n. What is the remainder when l is divided by 5?
3
Let a be (-1)/((-1)/4) - 3. Suppose -58 + a = -3*r. What is the remainder when 71 is divided by r?
14
Suppose -2*q - 3 = 5. Let w(j) = j**2 + 3*j. Let x be w(q). Suppose -4*v = -2*c + 106, x*c - 2*v = 38 + 168. What is the remainder when c is divided by 13?
12
Let z(t) = t + 6. Let p be z(-8). Calculate the remainder when ((-206)/8)/(p/8) is divided by 35.
33
Suppose 19 = -n + 4*n - 4*o, 2*n = 3*o + 11. Suppose 4*q = w + 9, 5*q - 27 = -2*w - 6. Suppose w*k - 76 = 32. Calculate the remainder when k is divided by n.
10
Let t(f) = -f**3 - 7*f**2 - 6*f + 4. Let h be t(-6). Suppose -36 = -5*x + x. Suppose -h*j = -j - x. What is the remainder when 9 is divided by j?
0
Let f be (0 - 0) + 2*138. Let o = 137 + -27. Calculate the remainder when o is divided by f/10 + 4/10.
26
Suppose 19 = -5*z - 1, -5*h = -5*z - 35. Let r = 2 - h. Calculate the remainder when 64 + 1 + r + -2 is divided by 21.
20
Suppose k + 150 = 6*k. Suppose 3*l - 6 = l. Let i(j) = j**2 + 2. Calculate the remainder when k is divided by i(l).
8
Suppose -g = g + 4*m + 8, -3*m = 5*g + 41. Suppose -5*x = 4*b - 146, 0*x + 4*b - 56 = -2*x. Calculate the remainder when x is divided by 78/5 + g/(-25).
14
Suppose 0 = -170*i + 172*i - 80. Calculate the remainder when 437 is divided by i.
37
Calculate the remainder when 8/(-2 - (-4 + (-21)/(-12))) is divided by 2.
0
Let b(v) = v**2 - 12*v + 24. Let i be b(10). Suppose 0 = 5*z + i*t - 8, -2*z = -0*z + 4*t + 4. What is the remainder when 15 is divided by z?
3
Let j be (2 + -1)/(1/(-19)). Let s(t) = t**3 - 8*t**2 + 4*t - 7. Let o be s(8). Let k = j + o. Calculate the remainder when 17 is divided by k.
5
Suppose -5*p + 3 + 7 = 0. Let a(d) = 44*d + 1. Calculate the remainder when a(p) is divided by 30.
29
Calculate the remainder when 104 is divided by -20*(12/(-6) + (-18)/(-15)).
8
Suppose 0 = -5*o + 10 + 10. Suppose 4*m = -i + 11, -4*m + 14 + 2 = -o*i. What is the remainder when (-11 + 0)/(2 - m) is divided by 6?
5
Suppose -l + 9 = 3*q + 10, 4*l - 17 = -5*q. Calculate the remainder when 207 is divided by l.
7
Suppose 4*p = -15*p + 893. What is the remainder when 187 is divided by p?
46
Let i(o) = 7*o - 1. Let h(a) be the third derivative of 11*a**4/24 - 35*a**3/6 - 23*a**2 + 2. Calculate the remainder when i(5) is divided by h(4).
7
Let p(j) = j - 1. Let h = -3 - -9. Calculate the remainder when p(h) is divided by 2.
1
Let m = -751 + 1286. Calculate the remainder when m is divided by 12.
7
Let f = 20 - -25. Let z = -26 + f. What is the remainder when 36 is divided by z?
17
Suppose 0*r - 5*r + 30 = 0. Calculate the remainder when r is divided by 10 - -15*(-6)/15.
2
Let n(c) = -2*c**3 - 7*c**2 + 3*c. Calculate the remainder when n(-6) is divided by 15.
12
Suppose h - 3*c - 1512 = 0, 0 = -5*h + 2*c + 4039 + 3469. What is the remainder when h is divided by 9?
6
Let i = 12 + -9. Suppose 3*q + 0*t - t = 28, -20 = -i*q + 5*t. Calculate the remainder when 29 is divided by q.
9
Calculate the remainder when 217 is divided by (-888)/(-9)*9/12.
69
Suppose 3*c - 1 = 5. Suppose j + 9 = 4*j, -c*i - 2*j = -6. Let r = i + 39. Calculate the remainder when r is divided by 20.
19
Suppose 2*n = n - 2*y + 10, 0 = 5*n - y - 50. Suppose 3*q + 18 = 372. Calculate the remainder when q is divided by n.
8
Let h(f) = 52*f + 994. Calculate the remainder when h(-17) is divided by 31.
17
Let k(i) = -8*i - 4. Let o be k(-6). Suppose 4*d + b = 128, 2*b = 3*d + b - 89. What is the remainder when d is divided by (0 + o/16)*4?
9
Suppose -2*y + 4*n + 20 = 0, 4*y + 10 = -y - 5*n. Let t = 33 - y. What is the remainder when 118 is divided by t?
25
Suppose -3*p = 5*s - 15 - 3, p + 2*s - 6 = 0. What is the remainder when 57 is divided by p?
3
Let v be -1 - -2 - (-5 + -409). Suppose 5*h + v = 10*h. Suppose 0 = u + 7*u - 112. What is the remainder when h is divided by u?
13
Suppose -5*p = 5*z - 690, -30*p + 25*p = 4*z - 548. Calculate the remainder when z is divided by 19.
9
Let k = 73 - 2. Let c = -31 - -49. Calculate the remainder when k is divided by c.
17
Let l(g) = -6*g - 6. Suppose -18*x + 13*x = 70. Calculate the remainder when l(x) is divided by 27.
24
Let q = 67 + 64. Suppose 4*j - q = 17. Suppose 0 = 7*m - 3*m - 76. Calculate the remainder when j is divided by m.
18
Let n(t) = -5*t + 12. Let p be n(4). What is the remainder when 9 is divided by 6/p + (-38)/(-8)?
1
Let b(y) = 136*y + 4. Let g be b(1). Let u = -3 + g. What is the remainder when u is divided by 28?
25
Suppose -25*f = -5*f - 120. What is the remainder when 119 is divided by f?
5
Suppose 0 = 4*y - 4*j + 2*j - 24, 0 = 3*y + 3*j. Suppose 0 = y*o - o - 48. What is the remainder when (-2 + 32)*(4/(-2) - -3) is divided by o?
14
Let o be 94/10 + (-4)/10. Suppose 0 = 146*c - 3739 + 819. Calculate the remainder when c is divided by (16/(-12))/((-1)/o).
8
Suppose 2*j = 5*h - 1437, 8*h + j - 573 = 6*h. Calculate the remainder when h is divided by 48.
47
Suppose -4*w = 46 - 14. Let s be 6 + -2 - 448/w. Suppose v + 0*v + 4*p - s = 0, -p = 0. Calculate the remainder when v is divided by 21.
18
What is the remainder when 69 is divided by (-5 - 46/(-6))/(2/21)?
13
Let z = -114 + 129. What is the remainder when 38 is divided by z?
8
Let h = -39 - -41. Let f = -9 - -7. Calculate the remainder when 13 is divided by 6 + f + 1 + h.
6
Let 